st common factor of 30625 and 413.
7
What is the greatest common factor of 2086112 and 13132?
1876
Calculate the highest common divisor of 19918 and 590341.
23
What is the highest common divisor of 1840 and 60245?
5
Calculate the highest common factor of 102816 and 21477528.
3672
What is the greatest common factor of 9292 and 16192?
92
What is the greatest common factor of 1340263 and 221?
17
What is the greatest common factor of 292 and 90898651?
73
Calculate the highest common divisor of 16418053 and 97319.
307
What is the greatest common factor of 1603746 and 546210?
918
What is the highest common factor of 3505825 and 2482?
1241
What is the highest common divisor of 11006060 and 2120?
20
Calculate the highest common divisor of 2774 and 31114571.
1387
Calculate the highest common factor of 21675 and 45828175.
7225
Calculate the highest common divisor of 3027 and 18409205.
1009
Calculate the greatest common divisor of 176 and 113712.
16
What is the greatest common factor of 376788940 and 220?
220
Calculate the highest common factor of 309171711 and 93.
93
Calculate the greatest common factor of 147390040 and 1820.
140
What is the highest common divisor of 6420 and 985480?
20
What is the highest common factor of 601175520 and 4752?
4752
What is the highest common divisor of 38766435 and 645?
645
Calculate the greatest common factor of 24456 and 290868.
12
Calculate the greatest common factor of 5855648 and 1520.
304
Calculate the greatest common factor of 4928 and 7125404.
44
Calculate the greatest common factor of 441561 and 2794287.
309
Calculate the greatest common factor of 14505139 and 143.
11
Calculate the highest common factor of 74765157 and 42849.
1587
Calculate the highest common divisor of 3705 and 862485.
195
Calculate the greatest common divisor of 127070 and 6370.
10
Calculate the greatest common divisor of 2396944698 and 402.
402
What is the highest common factor of 497359 and 401633?
2081
What is the greatest common divisor of 1454368 and 203416?
376
Calculate the greatest common divisor of 5400 and 40406040.
1080
Calculate the highest common factor of 238 and 808078.
34
What is the highest common factor of 3116763 and 9945?
1989
Calculate the greatest common divisor of 11010 and 7425878.
734
Calculate the greatest common divisor of 1571317 and 1899.
211
What is the highest common divisor of 454 and 811555191?
227
Calculate the highest common divisor of 168 and 185886456.
168
What is the greatest common divisor of 2934 and 57827673?
1467
Calculate the greatest common factor of 16018485 and 3272.
409
Calculate the highest common factor of 32636 and 22837.
41
What is the highest common factor of 231554440 and 520?
520
What is the highest common factor of 1818 and 8226854?
202
What is the highest common divisor of 1235 and 402149345?
1235
Calculate the highest common divisor of 27540 and 663.
51
What is the highest common factor of 53126 and 16232360?
526
What is the greatest common divisor of 274 and 254332006?
274
What is the highest common divisor of 71120105 and 2590?
1295
Calculate the highest common factor of 4636 and 2768912.
244
What is the greatest common factor of 7843 and 41351706?
341
Calculate the highest common factor of 19606125 and 27489.
1617
What is the highest common factor of 9060 and 2285593380?
9060
Calculate the greatest common factor of 33692929 and 7718.
3859
What is the highest common factor of 33 and 3225827?
11
What is the greatest common divisor of 170 and 45234110?
170
What is the greatest common factor of 200521086 and 51?
51
What is the greatest common factor of 6768 and 337990536?
3384
Calculate the highest common factor of 4340520 and 9720.
1080
What is the greatest common factor of 1235 and 2472717?
247
Calculate the highest common divisor of 10246 and 9113206.
94
Calculate the greatest common factor of 2949348 and 1177.
107
Calculate the greatest common divisor of 252503 and 5191.
29
Calculate the greatest common factor of 24924 and 47756796.
804
Calculate the highest common factor of 33727888 and 76.
76
Calculate the greatest common factor of 7592 and 43800146.
1898
What is the highest common factor of 117376 and 23520?
224
Calculate the highest common divisor of 1209480062 and 10276.
5138
Calculate the greatest common divisor of 240 and 158046160.
80
Calculate the highest common factor of 3892206 and 1740.
174
What is the greatest common divisor of 84594165 and 30?
15
What is the highest common divisor of 2302736 and 8944?
688
Calculate the greatest common factor of 397226307 and 138.
69
What is the greatest common divisor of 6410350 and 4100?
2050
Calculate the highest common divisor of 27185 and 1915.
5
What is the highest common factor of 12 and 10158084?
12
Calculate the greatest common factor of 6146 and 17372108.
878
What is the greatest common divisor of 182 and 1615887?
91
Calculate the greatest common divisor of 9786674 and 218.
218
What is the greatest common divisor of 13764162 and 366?
366
What is the highest common factor of 711 and 1313375?
79
What is the greatest common divisor of 92800 and 6912800?
800
What is the greatest common divisor of 1337326 and 211008?
314
Calculate the highest common factor of 2332 and 2148938.
1166
What is the highest common divisor of 620 and 36983130?
10
What is the highest common factor of 33228074 and 1254?
418
What is the greatest common factor of 7119 and 394489893?
2373
What is the highest common factor of 217 and 22508449?
31
What is the highest common divisor of 18298968 and 826?
118
Calculate the highest common factor of 16473080 and 56880.
3160
What is the greatest common factor of 15689 and 3440219?
541
Calculate the highest common divisor of 13710816 and 235872.
6048
Calculate the greatest common divisor of 37807272 and 216.
72
What is the greatest common divisor of 28 and 3782828?
28
Calculate the highest common divisor of 1141 and 18877682.
163
Calculate the highest common factor of 6497130 and 120.
30
Calculate the greatest common factor of 163050 and 22650.
150
What is the highest common factor of 126 and 11241762?
42
What is the highest common divisor of 84790680 and 1808?
904
Calculate the greatest common factor of 17512228 and 2.
2
What is the greatest common divisor of 4370205 and 28?
7
Calculate the greatest common divisor of 20632160 and 90.
10
Calculate the highest common divisor of 137081529 and 117.
117
What is the highest common divisor of 1810070 and 195906?
634
What is the greatest common divisor of 1406 and 2169604224?
1406
What is the highest common factor of 2 and 31641884?
2
Calculate the highest common factor of 1924968 and 192.
24
Calculate the greatest common divisor of 564987876 and 1596.
228
Calculate the highest common factor of 3628 and 172621147.
907
What is the highest common divisor of 1037 and 26503?
17
Calculate the greatest common factor of 162 and 17400177.
81
What is the highest common divisor of 60214521 and 1236?
309
Calculate the greatest common divisor of 4174380 and 68670.
630
Calculate the highest common divisor of 21264 and 8699634.
2658
What is the greatest common factor of 162 and 952047?
27
Calculate the highest common divisor of 6226230 and 1630.
10
What is the highest common factor of 74337438 and 536?
134
Calculate the highest common divisor of 343262 and 944.
118
What is the highest common factor of 384 and 4120752?
48
What is the greatest common divisor of 48868 and 40660?
76
Calculate the greatest common divisor of 73323954 and 126.
18
Calculate the greatest common divisor of 168 and 11798031.
21
What is the highest common divisor of 40087324 and 4?
4
What is the highest common divisor of 224112931 and 14?
7
Calculate the highest common divisor of 1714 and 52367842.
1714
What is the highest common factor of 47176857 and 5697?
5697
What is the highest common divisor of 665040 and 6681?
51
Calculate the highest common factor of 105 and 1449189.
21
What is the highest common divisor of 14289 and 1035903?
33
What is the highest common factor of 904 and 790661?
113
Calculate the highest common divisor of 269335 and 6215.
55
What is the greatest common factor of 46999979 and 65?
13
What is the highest common divisor of 772599 and 1768?
17
What is the greatest common factor of 26 and 84548